{"id":4384,"date":"2021-12-19T20:20:28","date_gmt":"2021-12-19T20:20:28","guid":{"rendered":"https:\/\/waldkindergarten-trudering.de\/wordpress\/?page_id=4384"},"modified":"2024-10-28T20:46:28","modified_gmt":"2024-10-28T20:46:28","slug":"kontakt-newsletter","status":"publish","type":"page","link":"https:\/\/waldkindergarten-trudering.de\/wordpress\/kontakt-newsletter\/","title":{"rendered":"Kontakt &#8211; Newsletter"},"content":{"rendered":"<div data-colibri-id=\"4384-c31\" class=\"style-946 style-local-4384-c31 position-relative\">\r\n  <!---->\r\n  <div data-colibri-component=\"section\" data-colibri-id=\"4384-c32\" id=\"contact\" class=\"h-section h-section-global-spacing d-flex align-items-lg-center align-items-md-center align-items-center style-947 style-local-4384-c32 position-relative\">\r\n    <!---->\r\n    <!---->\r\n    <div class=\"h-section-grid-container h-section-boxed-container\">\r\n      <!---->\r\n      <div data-colibri-id=\"4384-c33\" class=\"h-row-container gutters-row-lg-2 gutters-row-md-2 gutters-row-2 gutters-row-v-lg-2 gutters-row-v-md-2 gutters-row-v-2 style-948 style-local-4384-c33 position-relative\">\r\n        <!---->\r\n        <div class=\"h-row justify-content-lg-center justify-content-md-center justify-content-center align-items-lg-stretch align-items-md-stretch align-items-stretch gutters-col-lg-2 gutters-col-md-2 gutters-col-2 gutters-col-v-lg-2 gutters-col-v-md-2 gutters-col-v-2\">\r\n          <!---->\r\n          <div class=\"h-column h-column-container d-flex h-col-lg-auto h-col-md-auto h-col-auto style-949-outer style-local-4384-c34-outer\">\r\n            <div data-colibri-id=\"4384-c34\" class=\"d-flex h-flex-basis h-column__inner h-px-lg-0 h-px-md-0 h-px-0 v-inner-lg-0 v-inner-md-0 v-inner-0 style-949 style-local-4384-c34 position-relative\">\r\n              <!---->\r\n              <!---->\r\n              <div class=\"w-100 h-y-container h-column__content h-column__v-align flex-basis-100 align-self-lg-start align-self-md-start align-self-start\">\r\n                <!---->\r\n                <div data-colibri-id=\"4384-c35\" class=\"h-row-container gutters-row-lg-0 gutters-row-md-0 gutters-row-0 gutters-row-v-lg-0 gutters-row-v-md-0 gutters-row-v-0 style-950 style-local-4384-c35 position-relative\">\r\n                  <!---->\r\n                  <div class=\"h-row justify-content-lg-center justify-content-md-center justify-content-center align-items-lg-stretch align-items-md-stretch align-items-stretch gutters-col-lg-0 gutters-col-md-0 gutters-col-0 gutters-col-v-lg-0 gutters-col-v-md-0 gutters-col-v-0\">\r\n                    <!---->\r\n                    <div class=\"h-column h-column-container d-flex h-col-lg-auto h-col-md-auto h-col-auto style-951-outer style-local-4384-c36-outer\">\r\n                      <div data-colibri-id=\"4384-c36\" class=\"d-flex h-flex-basis h-column__inner h-px-lg-0 h-px-md-0 h-px-0 v-inner-lg-0 v-inner-md-0 v-inner-0 style-951 style-local-4384-c36 position-relative\">\r\n                        <!---->\r\n                        <!---->\r\n                        <div class=\"w-100 h-y-container h-column__content h-column__v-align flex-basis-100 align-self-lg-center align-self-md-center align-self-center\">\r\n                          <!---->\r\n                          <div data-colibri-id=\"4384-c37\" class=\"h-global-transition-all h-heading style-952 style-local-4384-c37 position-relative h-element\">\r\n                            <!---->\r\n                            <div class=\"h-heading__outer style-952 style-local-4384-c37\">\r\n                              <!---->\r\n                              <!---->\r\n                              <h4 class=\"\">Anmeldung Zum NewsleTter<\/h4>\r\n                            <\/div>\r\n                          <\/div>\r\n                          <div data-colibri-id=\"4384-c38\" class=\"h-icon style-953 style-local-4384-c38 position-relative h-element\">\r\n                            <!----><span class=\"h-svg-icon h-icon__icon style-953-icon style-local-4384-c38-icon\"><!--Icon by Icons8 Line Awesome (https:\/\/icons8.com\/line-awesome)--><svg version=\"1.1\" xmlns=\"http:\/\/www.w3.org\/2000\/svg\" xmlns:xlink=\"http:\/\/www.w3.org\/1999\/xlink\" id=\"binoculars\" viewBox=\"0 0 512 545.5\"><path d=\"M176 112c29.713 0 53.785 20.558 61 48h38c7.215-27.442 31.287-48 61-48 31.48 0 56.644 23.064 62 53 30.428 7.807 56.326 27.65 68 56v.5l.5.5L503 324c5.795 13.502 9 28.423 9 44 0 61.666-50.334 112-112 112-55.546 0-101.847-40.826-110.5-94-8.688 8.553-20.476 14-33.5 14s-24.813-5.447-33.5-14c-8.653 53.174-54.954 94-110.5 94C50.334 480 0 429.666 0 368c0-17.54 4.253-34.19 11.5-49l34-95.5h.5c11.496-31.205 37.775-50.882 68-58.5 5.356-29.936 30.52-53 62-53zm0 32c-19.043 0-32 12.957-32 32v14.5l-14.5 1.5c-24.565 2.586-44.21 17.225-53.5 42v.5L64 267c14.557-6.945 30.852-11 48-11 46.792 0 86.797 29.08 103.5 70 8.577-13.29 23.658-22 40.5-22s31.923 8.71 40.5 22c16.703-40.92 56.708-70 103.5-70 17.38 0 33.794 4.377 48.5 11.5l-12-34c-.14-.34-.354-.662-.5-1-9.246-21.422-29.724-37.997-53.5-40.5l-14.5-1.5V176c0-19.043-12.957-32-32-32s-32 12.957-32 32v16h-96v-16c0-19.043-12.957-32-32-32zm-64 144c-32.328 0-59.852 19.073-72.5 46.5-.28.606-.235 1.387-.5 2-4.2 9.743-7 20.17-7 31.5 0 44.372 35.628 80 80 80s80-35.628 80-80-35.628-80-80-80zm288 0c-44.372 0-80 35.628-80 80s35.628 80 80 80 80-35.628 80-80-35.628-80-80-80zm-144 48c-9.026 0-16 6.974-16 16s6.974 16 16 16 16-6.974 16-16-6.974-16-16-16z\"><\/path><\/svg><\/span><\/div>\r\n                          <div\r\n                            data-colibri-id=\"4384-c39\" class=\"h-global-transition-all h-heading style-954 style-local-4384-c39 position-relative h-element\">\r\n                            <!---->\r\n                            <div class=\"h-heading__outer style-954 style-local-4384-c39\">\r\n                              <!---->\r\n                              <!---->\r\n                              <h5 class=\"\">Waldkindergarten Trudering e.V.<\/h5>\r\n                            <\/div>\r\n                        <\/div>\r\n                      <\/div>\r\n                    <\/div>\r\n                  <\/div>\r\n                  <div class=\"h-column h-column-container d-flex h-col-lg-auto h-col-md-auto h-col-auto style-956-outer style-local-4384-c40-outer\">\r\n                    <div data-colibri-id=\"4384-c40\" class=\"d-flex h-flex-basis h-column__inner h-px-lg-0 h-px-md-0 h-px-0 v-inner-lg-0 v-inner-md-0 v-inner-0 style-956 style-local-4384-c40 position-relative\">\r\n                      <!---->\r\n                      <!---->\r\n                      <div class=\"w-100 h-y-container h-column__content h-column__v-align flex-basis-100 align-self-lg-center align-self-md-center align-self-center\">\r\n                        <!---->\r\n                        <div data-colibri-id=\"4384-c41\" class=\"style-957 style-local-4384-c41 position-relative h-element\">\r\n                          <!---->\r\n                          <div class=\"h-global-transition-all h-global-transition h-global-transition-all h-contact-form-shortcode\">\n\t\t\t<form id=\"sib_signup_form_1\" method=\"post\" class=\"sib_signup_form\">\n\t\t\t\t<div class=\"sib_loader\" style=\"display:none;\"><img\n\t\t\t\t\t\t\tsrc=\"https:\/\/waldkindergarten-trudering.de\/wordpress\/wp-includes\/images\/spinner.gif\" alt=\"loader\"><\/div>\n\t\t\t\t<input type=\"hidden\" name=\"sib_form_action\" value=\"subscribe_form_submit\">\n\t\t\t\t<input type=\"hidden\" name=\"sib_form_id\" value=\"1\">\n                <input type=\"hidden\" name=\"sib_form_alert_notice\" value=\"Bitte f\u00fclle dieses Feld aus.\">\n                <input type=\"hidden\" name=\"sib_form_invalid_email_notice\" value=\"Deine E-Mail-Adresse ist nicht valide.\">\n                <input type=\"hidden\" name=\"sib_security\" value=\"bcc47b38b1\">\n\t\t\t\t<div class=\"sib_signup_box_inside_1\">\n\t\t\t\t\t<div style=\"\/*display:none*\/\" class=\"sib_msg_disp\">\n\t\t\t\t\t<\/div>\n                    \t\t\t\t\t<p align=\"justify\">Der Newsletter des Waldkindergarten Trudering e.V.  informiert Euch regelm\u00e4\u00dfig \u00fcber folgende Aktivit\u00e4ten des Vereins:<\/p> \r\n<ul>\r\n  <li><p align=\"left\">Informationsveranstaltungen, z.B. Tag der offenen T\u00fcr und Informationsabend<\/p><\/li>\r\n  <li><p align=\"left\">\u00d6ffentliche, festliche Veranstaltungen<\/p><\/li>\r\n  <li><p align=\"left\">Neuigkeiten aus dem Waldkindergarten Trudering e.V.<\/p><\/li>\r\n<\/ul>\r\n<p align=\"justify\">Du kannst jederzeit den Link in dem Newsletter zum Abbestellen desselben verwenden.\r\n<\/p>\r\n<br>\r\n<p class=\"sib-email-area\">\r\n    <label class=\"sib-email-area\"><b>E-Mail-Adresse<\/b><font color=\"red\">*<\/font><\/label>\r\n    <input type=\"email\" class=\"sib-email-area\" name=\"email\" required=\"required\" placeholder=\"matschkobold@waldkindergarten-trudering.de\">\r\n<\/p>\r\n<p align=\"justify\">\r\n<input type=\"checkbox\" name=\"terms\" required=\"required\"> Ich habe die <a href=\"https:\/\/waldkindergarten-trudering.de\/wordpress\/kontakt-datenschutz\/\">Hinweise zum Datenschutz<\/a> gelesen und erkl\u00e4re mich mit ihnen einverstanden.\r\n<\/p>\r\n<br>\r\n<p>\r\n    <input type=\"submit\" class=\"sib-default-btn\" value=\"Sende Anmeldung\">\r\n<\/p>\r\n\r\n\r\n\t\t\t\t<\/div>\n\t\t\t<\/form>\n\t\t\t<style>\n\t\t\t\tform#sib_signup_form_1 {\r\n    padding: 5px;\r\n    -moz-box-sizing:border-box;\r\n    -webkit-box-sizing: border-box;\r\n    box-sizing: border-box;\r\n}\r\nform#sib_signup_form_1 input[type=text],form#sib_signup_form_1 input[type=email], form#sib_signup_form_1 select {\r\n    width: 100%;\r\n    border: 1px solid #bbb;\r\n    height: auto;\r\n    margin: 5px 0 0 0;\r\n    font-size: 16px;\r\n    font-weight: 100;\r\n}\r\nform#sib_signup_form_1 .sib-default-btn {\r\n    margin: 5px 0;\r\n    padding: 6px 12px;\r\n    color:#fff;\r\n    background-color: #333;\r\n    border-color: #2E2E2E;\r\n    font-size: 14px;\r\n    font-weight:400;\r\n    line-height: 1.4285;\r\n    text-align: center;\r\n    cursor: pointer;\r\n    vertical-align: middle;\r\n    -webkit-user-select:none;\r\n    -moz-user-select:none;\r\n    -ms-user-select:none;\r\n    user-select:none;\r\n    white-space: normal;\r\n    border:1px solid transparent;\r\n    border-radius: 3px;\r\n}\r\nform#sib_signup_form_1 .sib-default-btn:hover {\r\n    background-color: #444;\r\n}\r\nform#sib_signup_form_1 .sib-email-area{\r\n    font-size: 12px;\r\n}\r\nform#sib_signup_form_1 p{\r\n    line-height: 1.4;\r\n    color:#000;\r\n    font-size: 14px;\r\n    margin: 10px 0 0 0;\r\n}\r\nform#sib_signup_form_1 ul{\r\n    color:#000;\r\n    padding: 0px 20px;\r\n}form#sib_signup_form_1 p.sib-alert-message {\n    padding: 6px 12px;\n    margin-bottom: 20px;\n    border: 1px solid transparent;\n    border-radius: 4px;\n    -webkit-box-sizing: border-box;\n    -moz-box-sizing: border-box;\n    box-sizing: border-box;\n}\nform#sib_signup_form_1 p.sib-alert-message-error {\n    background-color: #f2dede;\n    border-color: #ebccd1;\n    color: #a94442;\n}\nform#sib_signup_form_1 p.sib-alert-message-success {\n    background-color: #dff0d8;\n    border-color: #d6e9c6;\n    color: #3c763d;\n}\nform#sib_signup_form_1 p.sib-alert-message-warning {\n    background-color: #fcf8e3;\n    border-color: #faebcc;\n    color: #8a6d3b;\n}\n\t\t\t<\/style>\n\t\t\t<\/div>\r\n                        <\/div>\r\n                      <\/div>\r\n                    <\/div>\r\n                  <\/div>\r\n                <\/div>\r\n              <\/div>\r\n            <\/div>\r\n          <\/div>\r\n        <\/div>\r\n      <\/div>\r\n    <\/div>\r\n  <\/div>\r\n<\/div>\r\n<\/div>","protected":false},"excerpt":{"rendered":"<p>Anmeldung Zum NewsleTter Waldkindergarten Trudering e.V.<\/p>\n","protected":false},"author":9,"featured_media":0,"parent":0,"menu_order":0,"comment_status":"closed","ping_status":"closed","template":"page-templates\/full-width-page.php","meta":{"footnotes":""},"class_list":["post-4384","page","type-page","status-publish","hentry"],"_links":{"self":[{"href":"https:\/\/waldkindergarten-trudering.de\/wordpress\/wp-json\/wp\/v2\/pages\/4384","targetHints":{"allow":["GET"]}}],"collection":[{"href":"https:\/\/waldkindergarten-trudering.de\/wordpress\/wp-json\/wp\/v2\/pages"}],"about":[{"href":"https:\/\/waldkindergarten-trudering.de\/wordpress\/wp-json\/wp\/v2\/types\/page"}],"author":[{"embeddable":true,"href":"https:\/\/waldkindergarten-trudering.de\/wordpress\/wp-json\/wp\/v2\/users\/9"}],"replies":[{"embeddable":true,"href":"https:\/\/waldkindergarten-trudering.de\/wordpress\/wp-json\/wp\/v2\/comments?post=4384"}],"version-history":[{"count":8,"href":"https:\/\/waldkindergarten-trudering.de\/wordpress\/wp-json\/wp\/v2\/pages\/4384\/revisions"}],"predecessor-version":[{"id":4852,"href":"https:\/\/waldkindergarten-trudering.de\/wordpress\/wp-json\/wp\/v2\/pages\/4384\/revisions\/4852"}],"wp:attachment":[{"href":"https:\/\/waldkindergarten-trudering.de\/wordpress\/wp-json\/wp\/v2\/media?parent=4384"}],"curies":[{"name":"wp","href":"https:\/\/api.w.org\/{rel}","templated":true}]}}